{"id":6579,"date":"2019-11-20T11:57:09","date_gmt":"2019-11-20T10:57:09","guid":{"rendered":"http:\/\/www.falkenruhs-wacht.de\/wpr\/?page_id=6579"},"modified":"2019-11-20T11:57:09","modified_gmt":"2019-11-20T10:57:09","slug":"hrimholt","status":"publish","type":"page","link":"https:\/\/www.falkenruhs-wacht.de\/wpr\/?page_id=6579","title":{"rendered":"Hrimholt"},"content":{"rendered":"<p>Geol had left Cembald with Cenham and just hoped he could help his friend through this night. He had planned to get back to his own men&#8217;s tents when someone had recognized him as one of those who&#8217;d tended to the men on the field. Relieved to have found a helping hand the man had almost dragged him to the houses of healing where he was now, tending to a wounded soldier. A noise by the door let him turn and he saw to his utmost horror Aenwulf and Anwine who were carrying their Captain Hrimholt in&#8230;&#8216;<br \/>\nGeol sieht verwirrt aus.<br \/>\nGeol denkt einen Augenblick nach.<br \/>\nAnwine directed Aenwulf who held the Captain&#8217;s other arm stabilizing him to the free bed in the room. Relieve showed freely on his face as he recognized Geol. &#8222;Captain Taernedden&#8230; it is good we have found you. They said you would be here.&#8220;&#8218;<br \/>\n[Gef\u00e4hrten] Geol: &#8220;Please don&#8217;t let it be true&#8230; they&#8217;ve actually been searching for me?&#8216; he thought. &#8222;What happened?&#8220; he asked, his eyes already scanning over Hrimholt.&#8216;<br \/>\n[Gef\u00e4hrten] Anwine: &#8218;They slowly lowered the body between them on the bed. Vorsichtig hoben sie die Beine hoch. Ein blutiger Verband verbarg den linken Oberschenkel. Ein mehr unbewusstes St\u00f6hnen entfuhr dem Mann. Hrimholts Haare klebten schwei\u00dfnass am Kopf, an der rechten Kopfseite mischte sich Blut in die nassen Str\u00e4hnen. Der wohl nur hastig umgelegte Verband war ebenfalls bereits durchtr\u00e4nkt.&#8216;<br \/>\n[Gef\u00e4hrten] Geol: &#8218;Geol sah es mit Entsetzen und wandte sich zu der Tischtruhe mit den Materialien.&#8216;<br \/>\nGeol sieht verwirrt aus.<br \/>\nGeol denkt einen Augenblick nach.<br \/>\n[Gef\u00e4hrten] Geol: &#8218;&#8220;Drau\u00dfen ist ein Brunnen, Aenwulf. Hol mir bitte frisches Wasser.&#8220;&#8218;<br \/>\n[An Gef\u00e4hrten] &#8218;Aenwulf f\u00e4hrt zusammen. Er hatte zum Bett gestarrt kaum dass er sich ersch\u00f6pft aufrichtet hatte. Kurz bleibt der Blick auf Geol, als dr\u00e4ngen die Worte nur langsam zu ihm durch, dann f\u00e4hrt er herum und eilt nach drau\u00dfen.&#8216;<br \/>\n[Gef\u00e4hrten] Anwine: &#8218;Anwine f\u00e4hrt sich schwer atmend durchs Haar. &#8222;We followed Marshall Elfhelm to the siege engines. In the resulting chaos amidst the Feuergr\u00e4ben he got caught between the rubble of the engines and the enemies. Then his horse went down he couldn&#8217;t get away fast enough. We managed to get to him to give him a chance to remount and all seemed well enough&#8230; but when the battle died at&#8230;&#8216;<br \/>\n[Gef\u00e4hrten] Anwine: &#8218;&#8230; last we realized he had been hurt far worse than imagined. He lost consiousness several times already, but we couldn&#8217;t get him to get carried here on a stretcher&#8230; it .. simply wasn&#8217;t possible&#8230;&#8216;<br \/>\n[Gef\u00e4hrten] Anwine: &#8218;Anwine sighed obviously exhausted und dissatisfied with himself and his Captain in that&#8216;<br \/>\n[Gef\u00e4hrten] Geol: &#8218;&#8220;Yes, I had been wondering&#8230; so you really carried him up here through all the city with Aenwulf? Why didn&#8217;t you just leave him in his tent and call a healer?&#8220; He bent down to the table beside the bed, laying ready the tools he&#8217;d need. &#8222;Well.&#8220;&#8218;<br \/>\n[Gef\u00e4hrten] Geol: &#8218;&#8220;I know him, so I don&#8217;t shout at you now that you are a damned idiot to drag a wounded man through seven rings of the city&#8230; making his wounds definitely not better on the way&#8230; there was no better healer and no clean, quiet place down there I assume?- The head-wound is deep&#8230; I&#8217;ll need to remove this old patch&#8230; and will you please hold the candle over here&#8230;?&#8220;&#8218;<br \/>\n[Gef\u00e4hrten] Anwine: &#8218;You know him&#8230; he wouldn&#8217;t&#8230; If it had been just the leg we would have treated him down there. We did realized the head almost too late since he didn&#8217;t say anything&#8230;&#8216;<br \/>\n[Gef\u00e4hrten] Anwine: &#8218;Anwine hielt die Kerze so, dass Geol besser sehen konnte.&#8216;<br \/>\n[Gef\u00e4hrten] Geol: &#8218;&#8220;Hattet ihr hohe Verluste?&#8220; fragte Geol leise&#8216;<br \/>\n[Gef\u00e4hrten] Geol: &#8218;(er wu\u00dfte sehr wohl, dass die Verluste wohl noch h\u00f6her gewesen w\u00e4ren, wenn Hrimholt sich nicht wieder auf&#8217;s Pferd gezogen h\u00e4tte. Mit seinem Beispiel voran mochten seine M\u00e4nner Mut gefasst haben,wohingegen sein Fall ihnen sicher den Boden unter den F\u00fc\u00dfen entzogen h\u00e4tte. Jemand wie Hrimholt f\u00e4llt nicht einfach so.)&#8216;<br \/>\n[Gef\u00e4hrten] Anwine: &#8218;Anwines n\u00e4chste Worte best\u00e4tigte Geols Gedankengang&#8230;&#8216;<br \/>\n[Gef\u00e4hrten] Anwine: &#8218;Die M\u00e4nner sind verunsichert nach dem Tod des K\u00f6nig&#8230; We managed to keep it quite how it stands with the Captain and Cynefrith had taken over the command for now.&#8216;<br \/>\n[Gef\u00e4hrten] Anwine: &#8218;Die M\u00e4nner sind verunsichert nach dem Tod des K\u00f6nig&#8230; We managed to keep it quiet how it stands with the Captain and Cynefrith had taken over the command for now.&#8216;<br \/>\n[Gef\u00e4hrten] Anwine: &#8218;We couldn&#8217;t leave him down there&#8230;&#8216;<br \/>\n[Gef\u00e4hrten] Geol: &#8218;&#8220;So I see. Anwine&#8230;&#8220; his voice went a whisper. &#8222;I tell you honestly this looks bad, I&#8217;m not sure if his skull is hurt&#8230; I&#8217;ve heard rumor that the king of Gondor, with healing hands, is about here somewhere. He came to heal our Lady Eowyn. I fear we need to get hold of a bit of his time if your Captain is to live&#8230;&#8220;&#8218;<br \/>\n[An Gef\u00e4hrten] &#8218;&#8220;Hier ist das Wasser, Geol.&#8220; Au\u00dfer Atem kehrte Aenwulf mit einem Krug zur\u00fcck in dem gef\u00e4hrlich das klare Wasser schwappte, als er beim Krankenlager zum Stehen kam.&#8216;<br \/>\n[Gef\u00e4hrten] Geol: &#8218;&#8220;Ich danke dir&#8220;, nahm Geol den Krug entgegen und bat Anwine, zu versuchen, seinem Captain eine Tasse mit schmerzstillendem Mittel zu geben, w\u00e4hrend er dessen Kopf vorsichtig anhob. Ohne das wollte er es dem Mann, den er respektierte, nicht antun, die Wunden zu s\u00e4ubern.&#8216;<br \/>\nGeol schaut sich um.<br \/>\nGeol schaut sich um.<br \/>\nGeol schaut sich um.<br \/>\n[Gef\u00e4hrten] Anwine: &#8218;Anwine kam seiner Bitte vorsichtig nach.&#8216;<br \/>\n[An Gef\u00e4hrten] &#8218;Aenwulfs besorgter Blick ruhte auf der hageren Gestalt Hrimholts. Der Schock, ihn so zu sehen, noch immer zu tief, um etwas anderes zu tun, als einfach nur darzustehen.&#8216;<br \/>\n[Gef\u00e4hrten] Geol: &#8218;Geol sah ihn an und konnte nichts dagegen tun: Das Bild Cenhams \u00fcberlagerte Creodric&#8217;s Jungen. Cenham, der den verloren hatte, den er sch\u00fctzen wollte&#8230; hier war es noch nicht geschehen. So sehr er sich anfangs unwohl bei Hrimholt gef\u00fchlt hatte schien Aenwulf ihn jetzt jedoch zu sch\u00e4tzen gelernt haben. Geol f\u00fcrchtete, bald den n\u00e4chsten verst\u00f6rten Jungen vor sich zu haben.&#8216;<br \/>\n[Gef\u00e4hrten] Geol: &#8220;Es l\u00e4uft alles verkehrt&#8216;, dachte er ungl\u00fccklich. &#8218;Es sollte sein eigener Sohn sein, der jetzt bei ihm wacht, aber das ist in dieser Situation v\u00f6llig unm\u00f6glich. Halt duch. Sie brauchen dich.&#8216; Er legte Hrimholts Kopf sanft zur\u00fcck. Das Mittel war stark und w\u00fcrde schnell wirken.&#8216;<br \/>\n[Gef\u00e4hrten] Anwine: &#8218;Anwine stellte die Tasse auf den kleinen Tisch neben dem Bett. Als habe er Geols Worte erst jetzt verarbeitet, wandte er sich zu diesem um. &#8222;Lady Eowyn ist am Leben?&#8220;&#8218;<br \/>\n[Gef\u00e4hrten] Geol: &#8218;&#8220;Ja&#8220;, sagte Geol, erleichtert, dass es endlich auch etwas Gutes zu berichten gab. &#8222;Sie war schwer getroffen von den dunklen Wesen, gegen die sie gestanden hatte, aber sie lebt, sie ist hier, und der K\u00f6nig war bei ihr. Er mu\u00df hier noch irgendwo sein&#8230; Aenwulf? Der K\u00f6nig Gondors hat heilende H\u00e4nde&#8230; ich wei\u00df nicht, ob er Zeit f\u00fcr uns er\u00fcbrigen w\u00fcrde, aber noch k\u00f6nnte er in der N\u00e4he&#8216;<br \/>\n[Gef\u00e4hrten] Geol: &#8217;sein. Meinst du, du k\u00f6nntest dich noch einmal kurz von deinem Captain trennen und dich auf die Suche machen?&#8220;&#8218;<br \/>\n[An Gef\u00e4hrten] &#8218;Aenwulf sah zu Geol, in seinen Z\u00fcgen sah man die aufkeimende Hoffnung. Er nickte. &#8222;Das werde ich&#8230;&#8220;&#8218;<br \/>\n[An Gef\u00e4hrten] &#8218;Aenwulf rannte fast aus dem Zimmer, das Klappern seiner Stiefel hallte laut auf dem steinernen Fu\u00dfboden nach.&#8216;<br \/>\n[Gef\u00e4hrten] Geol: &#8218;er wendet sich wieder dem Verletzten zu, als Aenwulf fort ist, beginnt, das alte Blut abzuwaschen und bittet Anwine um Hilfe bei der weiteren Versorgung wenn dies n\u00f6tig ist.&#8216;<br \/>\n[Gef\u00e4hrten] Anwine: &#8218;Anwine geht Geol so gut es geht zur Hand. Er ist kein ausgebildeter Heilkundiger aber er hat sich einiges an Wissen in den langen Jahren unter Hrimholt angeeignet.&#8216;<br \/>\n[Gef\u00e4hrten] Anwine: &#8218;Langsam scheint Anwine wieder zu der gewohnten Ruhe zur\u00fcckzufinden. Nur sein Blick verr\u00e4t die Besorgnis, dass alle ihre Bem\u00fchungen umsonst sein k\u00f6nnten.&#8216;<br \/>\n[Gef\u00e4hrten] Geol: &#8218;&#8220;Der Mann ist der z\u00e4heste den ich kenne&#8220;, versucht er Anwine zu beruhigen. Dann macht er sich daran, neue Verb\u00e4nde anzulegen.&#8216;<br \/>\n[Gef\u00e4hrten] Hrimholt: &#8218;Langsam lichtete sich das verschwommene Chaos vor Hrimholts Auge etwas. Die Welt hatte vor\u00fcbergehend aufgeh\u00f6rt, um ihn herum zu schwanken. Das Summen in seinen Ohren und Pochen in seinem Sch\u00e4del wurde leiser und etwas ertr\u00e4glicher. Bald konnte er darin Stimmen ausmachen. Er stutzte&#8230; &#8222;Taernedden?&#8220; fragte er ungl\u00e4ubig.&#8216;<br \/>\n[Gef\u00e4hrten] Geol: &#8218;&#8220;Anwesend&#8220;, knurrte Geol, gerade damit besch\u00e4ftigt, einen Umschlag um das verletzte Bein zu machen, ehe er eine abschlie\u00dfende Lage darum wickelte.&#8216;<br \/>\n[Gef\u00e4hrten] Hrimholt: &#8218;Hrimholt schlug das Auge auf, lie\u00df aber nach einem ersten Ansatz, den Kopf zu bewegen, dieses dann doch bleiben.&#8220;Hast du nichts Besseres zu tun?&#8220; Seine Stimme war leise und heiser, doch sein Unmut war deutlich h\u00f6rbar.&#8216;<br \/>\n[Gef\u00e4hrten] Geol: &#8218;Geol grinste, als er h\u00f6rte, dass Hrimholt zumindest wie immer klang. &#8222;Was Besseres als einem verdienten Krieger nach der Schlacht zu helfen? Was schwebt euch denn da vor?&#8220;&#8218;<br \/>\n[Gef\u00e4hrten] Anwine: &#8218;Anwine, der gerade die kurze Pause nutzte, seine eigenen leichten Kratzer zu versorgen, horchte auf. Ein schuldbewusster Ausdruck trat auf sein Gesicht, auch wenn sein Captain dies gar nicht zu sehen vermochte.&#8216;<br \/>\n[Gef\u00e4hrten] Hrimholt: &#8218;&#8220;Deine M\u00e4nner f\u00fchren? Und wie steht es um die Schlacht? Ist es vorbei?&#8220; Er runzelte die Stirn, als versuche er die wirren Erinnerungen zu ordnen.&#8216;<br \/>\n[Gef\u00e4hrten] Geol: &#8218;&#8220;Mein Sohn f\u00fchrt die M\u00e4nner. Ihr habt vielleicht geh\u00f6rt, da\u00df ich als Heiler dazugelernt habe und augenblicklich in der Funktion unterwegs bin. Ja, die Schlacht ist vorbei und der Sieg ist unser. Der dunkle Heerf\u00fchrer ist gefallen und die Armeen der Gegner erschlagen oder in wilder Flucht.&#8220;&#8218;<br \/>\n[Gef\u00e4hrten] Hrimholt: &#8218;Hrimholt schwieg einen Moment, als verarbeite er die Informationen nur langsam. &#8222;I do not remember getting here&#8230; where ever&#8230; here is&#8230;. Why am I not in my camp&#8230;? Where is Denhere?&#8220; His words became somewhat slurred and the pauses between them longer as if he was losing his crip to reality again.&#8220;&#8218;<br \/>\n[Gef\u00e4hrten] Geol: &#8218;&#8220;Ihr habt nichts verpasst, wenn ihr den Weg nicht erinnert&#8230; aber \u00fcbernehmt euch nicht und beruhigt euch. Man hat euch zu den H\u00e4usern der Heilung in Mundburg gebracht, weil eure Kopfverletzung hier besser behandelt werden kann. Cynefrith sorgt f\u00fcr Ordnung im Lager, w\u00e4hrend ihr hier seid.&#8220;&#8218;<br \/>\n[Gef\u00e4hrten] Hrimholt: &#8218;Hrimholt runzelte erneut die Stirn bei Geols ersten Ausf\u00fchrungen. Bei den H\u00e4usern der Heilung kam ein undeutbarer Laut \u00fcber seine Lippen. Die Nachricht, dass sein Stellvertreter das Kommando hatte hingegen schien ihn tats\u00e4chlich zu beruhigen.&#8216;<br \/>\n[Gef\u00e4hrten] Hrimholt: &#8218;&#8220;Und Denhere&#8230;?&#8220; Irgendwie schien ihm aufgefallen zu sein, dass Geol zu diesem Thema nichts gesagt hatte.&#8216;<br \/>\n[Gef\u00e4hrten] Geol: &#8218;Geol sah achselzuckend zu Anwine&#8216;<br \/>\n[Gef\u00e4hrten] Anwine: &#8218;Anwine kam zum Bett her\u00fcber, damit Hrimholt ihn sehen konnte. &#8222;Hauptmann,&#8230; Denhere geh\u00f6rt zu denen, die noch vermisst werden. Torvun f\u00fchrte gerade ein paar der M\u00e4nner los, das &#8230; Schlachtfeld abzusuchen.&#8220;&#8218;<br \/>\n[Gef\u00e4hrten] Hrimholt: &#8218;Hrimholt versuchte, Anwine zu fokussieren, doch seine Sicht verschwamm bereits wieder zusehends. Er schwieg einen Moment. &#8222;Denhere ist ein erfahrener Mann&#8230; do your best to seek those men&#8230; and&#8230; bring h them home&#8230;&#8220; His voice trailed off again.&#8216;<br \/>\n[Gef\u00e4hrten] Anwine: &#8218;&#8220;We will!&#8220;&#8218;<br \/>\n[Gef\u00e4hrten] Hrimholt: &#8218;Hrimholts lips parted to a ever so little smile obviously satisfied with that simple answer. He closed his eye, breathing hard as if his strength faded again.&#8216;<br \/>\n[Gef\u00e4hrten] Hrimholt: &#8220;<br \/>\n[Gef\u00e4hrten] Anwine: &#8218;Anwine looked at Geol, troubled.&#8216;<br \/>\n[Gef\u00e4hrten] Geol: &#8217;schweigend legt Geol eine Hand auf Anwines Schulter und l\u00e4sst sie einen Moment dort liegen. Dann steuert er ihn etwas ins Licht, um ihm zu helfen, seine leichteren Verletzungen weiter zu verbinden. Er blickt zur T\u00fcr, ob Aenwulf eventuell zur\u00fcckkommt.&#8216;<br \/>\nGeol zuckt mit den Achseln.<br \/>\nGeol zuckt mit den Achseln.<br \/>\n[An Gef\u00e4hrten] &#8218;Aenwulf war einer Panik nahe aus dem Zimmer gerannt und durch die H\u00e4user der Heilung geirrt bis er auf ein bekanntes Gesicht (Hadorad, einer der Waldl\u00e4ufer?) traf. Nach kurzer Schilderung hat dieser ihm zugesagt, sein Anliegen Aragorn zuzutragen. Dann hat er den jungen Mann zur\u00fcckgeschickt zu Hrimholt mit der Zusage, dass jemand bald zu ihnen kommen w\u00fcrde.&#8216;<br \/>\n[An Gef\u00e4hrten] &#8218;(Szene einbauen, dass Aenwulf bei Hrimholt bleibt, auf dem Stuhl hockt, die Arm auf der Bettlehne abgest\u00fcrzte, irgendwann nachdem der K\u00f6nig da war vor Ersch\u00fcpfung eingeschlafen. Hrimholt wird hin und wieder wach, sieht ihn da, schl\u00e4ft aber wieder ein&#8230;)&#8216;<br \/>\n[An Gef\u00e4hrten] &#8218;(Anwine wird nach dem K\u00f6nig da war wieder runter zu ihren Leute gehen, Geol ebenfalls)&#8216;<br \/>\n[Gef\u00e4hrten] Geol: &#8218;Sie warteten ab, was das Kommen des K\u00f6nigs bringen w\u00fcrde. Als er gegangen war stand wieder Hoffnung in Anwines Augen, denn Hrimholt schlief nun friedlich und sah schon etwas besser aus. Anwine wagte es daher, ihn in Aenwulfs Obhut zu lassen damit er in das Lager zur\u00fcckkehren konnte. Auch Geol ging davon aus, dort mehr gebraucht zu werden als hier, also begleitete er ihn.&#8216;<br \/>\n[Gef\u00e4hrten] Geol: &#8218;Niemand konnte wissen, ob und in welcher Verfassung man Denhere finden w\u00fcrde und er wollte auch nach seinen eigenen Leuten sehen.&#8216;<br \/>\n[Gef\u00e4hrten] Geol: &#8218;Den ganzen Weg zur Stadt hinunter, durch jeden einzelnen Ring, lag es ihm auf der Zunge, Anwine auf Cenham anzusprechen.&#8216;<\/p>\n","protected":false},"excerpt":{"rendered":"<p>Geol had left Cembald with Cenham and just hoped he could help his friend through this night. He had planned to get back to his own men&#8217;s tents when someone had recognized him as one of those who&#8217;d tended to the men on the field. Relieved to have found a helping hand the man had &hellip; <a href=\"https:\/\/www.falkenruhs-wacht.de\/wpr\/?page_id=6579\" class=\"more-link\"><span class=\"screen-reader-text\">Hrimholt<\/span> weiterlesen <span class=\"meta-nav\">&rarr;<\/span><\/a><\/p>\n","protected":false},"author":1,"featured_media":0,"parent":4582,"menu_order":0,"comment_status":"closed","ping_status":"closed","template":"","meta":{"footnotes":""},"class_list":["post-6579","page","type-page","status-publish","hentry"],"_links":{"self":[{"href":"https:\/\/www.falkenruhs-wacht.de\/wpr\/index.php?rest_route=\/wp\/v2\/pages\/6579","targetHints":{"allow":["GET"]}}],"collection":[{"href":"https:\/\/www.falkenruhs-wacht.de\/wpr\/index.php?rest_route=\/wp\/v2\/pages"}],"about":[{"href":"https:\/\/www.falkenruhs-wacht.de\/wpr\/index.php?rest_route=\/wp\/v2\/types\/page"}],"author":[{"embeddable":true,"href":"https:\/\/www.falkenruhs-wacht.de\/wpr\/index.php?rest_route=\/wp\/v2\/users\/1"}],"replies":[{"embeddable":true,"href":"https:\/\/www.falkenruhs-wacht.de\/wpr\/index.php?rest_route=%2Fwp%2Fv2%2Fcomments&post=6579"}],"version-history":[{"count":1,"href":"https:\/\/www.falkenruhs-wacht.de\/wpr\/index.php?rest_route=\/wp\/v2\/pages\/6579\/revisions"}],"predecessor-version":[{"id":6580,"href":"https:\/\/www.falkenruhs-wacht.de\/wpr\/index.php?rest_route=\/wp\/v2\/pages\/6579\/revisions\/6580"}],"up":[{"embeddable":true,"href":"https:\/\/www.falkenruhs-wacht.de\/wpr\/index.php?rest_route=\/wp\/v2\/pages\/4582"}],"wp:attachment":[{"href":"https:\/\/www.falkenruhs-wacht.de\/wpr\/index.php?rest_route=%2Fwp%2Fv2%2Fmedia&parent=6579"}],"curies":[{"name":"wp","href":"https:\/\/api.w.org\/{rel}","templated":true}]}}