{"id":4730,"date":"2016-06-21T23:19:08","date_gmt":"2016-06-21T21:19:08","guid":{"rendered":"http:\/\/www.falkenruhs-wacht.de\/wpr\/?page_id=4730"},"modified":"2018-04-17T13:08:28","modified_gmt":"2018-04-17T11:08:28","slug":"einheitenuebersicht-nach-pelennor","status":"publish","type":"page","link":"https:\/\/www.falkenruhs-wacht.de\/wpr\/?page_id=4730","title":{"rendered":"Einheiten\u00fcbersicht nach Pelennor"},"content":{"rendered":"<h3>Weiter gen Schwarzes Tor<\/h3>\n<p>Lorron &#8211; Reiter<\/p>\n<ul>\n<li>Jarl (Hrevnik)<\/li>\n<li>Haram (+ Vilheith)<\/li>\n<li>Tjoren<\/li>\n<li>Leochtmar<\/li>\n<li>Jarmun<\/li>\n<li>Seren (bleibt verletzt auf Cormallen)<\/li>\n<li>Gerfrith<\/li>\n<li>Alden<\/li>\n<li>Hereward<\/li>\n<li>Runen<\/li>\n<li>Hamnath<\/li>\n<li>Ranulf<\/li>\n<li>Cliving-Truppe\n<ul>\n<li>Eldag Horsemaster (\u00e4lter)<\/li>\n<li>Winlad (Landwirt aus Cliving), nicht verwandt und verschw\u00e4gert mit Winlad bei Cliving, Vater von Editta), aber beide mit Athelward zerstritten)<\/li>\n<\/ul>\n<\/li>\n<li>von anderen Rohirrim-Einheiten\n<ul>\n<li>Fredferth (\u00fcberlegt bei Cair Andros, geht dann aber weiter mit wegen Hamnath, bleibt ggf. verletzt auf Cormallen)<\/li>\n<\/ul>\n<\/li>\n<li>Bauern und Konsorten\n<ul>\n<li>Andvar (Fischer)<\/li>\n<li>Leothere (Bauer aus Region Edoras: Feld, Spitzm\u00e4use, Scherz)<\/li>\n<li>Daerolt und seine Leute (Bauern-Miliz)<\/li>\n<li>Ormund<\/li>\n<\/ul>\n<\/li>\n<li>Gondorianer\n<ul>\n<li>Lordag (Geol)<\/li>\n<li>Mindaros<\/li>\n<li>Arvingil (Schwestersohn von Mindaros, Botenreiter)<\/li>\n<li>Anmaren (Ithil. Waldl\u00e4ufer)<\/li>\n<\/ul>\n<\/li>\n<\/ul>\n<p>Hrimholt\/Cynefrith &#8211; Reiter<\/p>\n<ul>\n<li>Cynefrith<\/li>\n<li>Torvun<\/li>\n<li>Wulthred<\/li>\n<li>Anwine<\/li>\n<li>Aenwulf<\/li>\n<li>Arnim (aus Cliving)<\/li>\n<li>Aedelraed (aus Edoras)<\/li>\n<li>Baelwulf (aus Edoras)<\/li>\n<\/ul>\n<p>Dearwulf &#8211; Fu\u00dfsoldaten &#8211; bleibt selbst wohl auf Cormallen, mit Jovan organisieren, Resteinheit aufgeteilt und ggf. zu Lorron\/Hrimholt auf Tour ins Schwarze Land oder gleich zu Beginn mit los (Captain Lachir anpassen, einsame Wache gibt Bescheid, Torvor war mit den Br\u00fcckenkopf sichern, entscheidet dann, Unt\u00e4tigkeit zu beenden und Info an Cormallen weiter zu geben ??!!)<\/p>\n<ul>\n<li>Wilmod (eigentlich HM \u00fcber Dearwulf bleibt verletzt auf Cormallen)<\/li>\n<li>Jorin<\/li>\n<li>Malarin<\/li>\n<li>Torvor (Ersatz f\u00fcr Ceolward, geht nach Mordor)<\/li>\n<li>Rawston (ggf. nach Pelennor heim)<\/li>\n<li>Bragren (ggf. nach Pelennor zur\u00fcck nach HK, Creodric)<\/li>\n<li>Jehan (bleibt verletzt auf Cormallen)<\/li>\n<li>ggf. andere aus der Wildermark<\/li>\n<li>Gondorianer\n<ul>\n<li>Beltharion (geht nach Mordor)<\/li>\n<li>Meglach (Enkel von Mindaros, geht nach Mordor)<\/li>\n<li>Denhad<\/li>\n<\/ul>\n<\/li>\n<\/ul>\n<p>Trymm Rotbart (bleibt in den H\u00e4usern der Rast zur\u00fcck)<\/p>\n<h3>Kampf unter Elfhelm gegen Heer in Anorien, dann ggf. nach Hause oder zur\u00fcck nach MT<\/h3>\n<p>Geol<\/p>\n<ul>\n<li>Rulavan -&gt; sp\u00e4ter mit Aerdan nach Osten nach Kr\u00f6nung K\u00f6nig Aragorn, Orahan heimbegleiten<\/li>\n<li>Jestim\u00a0 -&gt; sp\u00e4ter mit Aerdan nach Osten nach Kr\u00f6nung K\u00f6nig Aragorn, Orahan heimbegleiten<\/li>\n<li>Aswig<\/li>\n<li>Trevvis<\/li>\n<li>Dedhros (bleibt bei Trevvis?, mit\/ohne Iallith)<\/li>\n<\/ul>\n<p><strong>Elfhelm bleibt nach den ersten Tagen Ostgrenze r\u00e4umen\u00a0 in MT zum Organisieren, w\u00e4hrend Bynstan weiter drau\u00dfen aufr\u00e4umt (Marshall der Reiter&#8230;)<\/strong><\/p>\n<p>Bynstan<\/p>\n<ul>\n<li>Cenham -&gt; anfangs mit Elfhelm, dann Bynstan<\/li>\n<li>Cembald -&gt; anfangs mit Elfhelm, dann Bynstan<\/li>\n<li>Ceolward &#8211; bleibt bei Bynstan \/ MT<\/li>\n<li>Theolf<\/li>\n<li>Cliving-Leute:\n<ul>\n<li>Harrolt (von Gerwald)<\/li>\n<li>Aerdans Leute unter Jurlen etc. (Aerdan verletzt in MT, Jurlen auch verletzt)\n<ul>\n<li>Olwig<\/li>\n<li>Svanten<\/li>\n<li>Errolt<\/li>\n<\/ul>\n<\/li>\n<\/ul>\n<\/li>\n<\/ul>\n\n<p><strong>Organisation\/Kurier<\/strong><\/p>\n<p>Jovan\/Cathilien &#8211; MT-Cormallen<\/p>\n<p>Daro\/Tirvaedan, Ferneg in MT<\/p>\n","protected":false},"excerpt":{"rendered":"<p>Weiter gen Schwarzes Tor Lorron &#8211; Reiter Jarl (Hrevnik) Haram (+ Vilheith) Tjoren Leochtmar Jarmun Seren (bleibt verletzt auf Cormallen) Gerfrith Alden Hereward Runen Hamnath Ranulf Cliving-Truppe Eldag Horsemaster (\u00e4lter) Winlad (Landwirt aus Cliving), nicht verwandt und verschw\u00e4gert mit Winlad bei Cliving, Vater von Editta), aber beide mit Athelward zerstritten) von anderen Rohirrim-Einheiten Fredferth (\u00fcberlegt &hellip; <a href=\"https:\/\/www.falkenruhs-wacht.de\/wpr\/?page_id=4730\" class=\"more-link\"><span class=\"screen-reader-text\">Einheiten\u00fcbersicht nach Pelennor<\/span> weiterlesen <span class=\"meta-nav\">&rarr;<\/span><\/a><\/p>\n","protected":false},"author":1,"featured_media":0,"parent":4575,"menu_order":1,"comment_status":"closed","ping_status":"closed","template":"","meta":{"footnotes":""},"class_list":["post-4730","page","type-page","status-publish","hentry"],"_links":{"self":[{"href":"https:\/\/www.falkenruhs-wacht.de\/wpr\/index.php?rest_route=\/wp\/v2\/pages\/4730","targetHints":{"allow":["GET"]}}],"collection":[{"href":"https:\/\/www.falkenruhs-wacht.de\/wpr\/index.php?rest_route=\/wp\/v2\/pages"}],"about":[{"href":"https:\/\/www.falkenruhs-wacht.de\/wpr\/index.php?rest_route=\/wp\/v2\/types\/page"}],"author":[{"embeddable":true,"href":"https:\/\/www.falkenruhs-wacht.de\/wpr\/index.php?rest_route=\/wp\/v2\/users\/1"}],"replies":[{"embeddable":true,"href":"https:\/\/www.falkenruhs-wacht.de\/wpr\/index.php?rest_route=%2Fwp%2Fv2%2Fcomments&post=4730"}],"version-history":[{"count":11,"href":"https:\/\/www.falkenruhs-wacht.de\/wpr\/index.php?rest_route=\/wp\/v2\/pages\/4730\/revisions"}],"predecessor-version":[{"id":6416,"href":"https:\/\/www.falkenruhs-wacht.de\/wpr\/index.php?rest_route=\/wp\/v2\/pages\/4730\/revisions\/6416"}],"up":[{"embeddable":true,"href":"https:\/\/www.falkenruhs-wacht.de\/wpr\/index.php?rest_route=\/wp\/v2\/pages\/4575"}],"wp:attachment":[{"href":"https:\/\/www.falkenruhs-wacht.de\/wpr\/index.php?rest_route=%2Fwp%2Fv2%2Fmedia&parent=4730"}],"curies":[{"name":"wp","href":"https:\/\/api.w.org\/{rel}","templated":true}]}}