{"id":403,"date":"2015-03-01T02:19:56","date_gmt":"2015-03-01T01:19:56","guid":{"rendered":"http:\/\/www.falkenruhs-wacht.de\/wpr\/?page_id=403"},"modified":"2016-06-19T18:43:02","modified_gmt":"2016-06-19T16:43:02","slug":"der-fall-von-fornost-erain","status":"publish","type":"page","link":"https:\/\/www.falkenruhs-wacht.de\/wpr\/?page_id=403","title":{"rendered":"Der Fall von Fornost Erain"},"content":{"rendered":"<figure id=\"attachment_239\" aria-describedby=\"caption-attachment-239\" style=\"width: 800px\" class=\"wp-caption alignleft\"><a href=\"https:\/\/www.falkenruhs-wacht.de\/wpr\/wp-content\/uploads\/2015\/02\/ScreenShot04719.jpg\" rel=\"lightbox[403]\"><img fetchpriority=\"high\" decoding=\"async\" class=\"wp-image-239\" src=\"https:\/\/www.falkenruhs-wacht.de\/wpr\/wp-content\/uploads\/2015\/02\/ScreenShot04719-1024x538.jpg\" alt=\"Die Stadt ist verloren... Die Stadt ist vollst\u00e4ndig in der Hand der Feinde... Hauptmann Aerwen ist tot, ebenso die letzten meiner Freunde, die meine Flucht erm\u00f6glicht haben. Nicht lange, und ich werde ihnen in den Tod folgen. Eine Sache, die es noch zu erledigen gilt. Eine Sache, die wichtiger ist... Die Stadt ist verloren... Es gibt keine M\u00f6glichkeit, die Feinde daraus zu vertreiben. Die, die \u00fcberlebt haben, d\u00fcrfen ihr Leben nicht sinnnlos vergeuden... Die Zeit wird kommen, des Hexenk\u00f6nigs Schergen zu vertreiben. Morgen, n\u00e4chsten Monat, im n\u00e4chsten Jahr... Sie werden nicht dauerhaft triumphieren...\" width=\"800\" height=\"420\" srcset=\"https:\/\/www.falkenruhs-wacht.de\/wpr\/wp-content\/uploads\/2015\/02\/ScreenShot04719-1024x538.jpg 1024w, https:\/\/www.falkenruhs-wacht.de\/wpr\/wp-content\/uploads\/2015\/02\/ScreenShot04719-300x158.jpg 300w, https:\/\/www.falkenruhs-wacht.de\/wpr\/wp-content\/uploads\/2015\/02\/ScreenShot04719.jpg 1904w\" sizes=\"(max-width: 800px) 100vw, 800px\" \/><\/a><figcaption id=\"caption-attachment-239\" class=\"wp-caption-text\">Die Stadt ist verloren&#8230;<br \/> Die Stadt ist vollst\u00e4ndig in der Hand der Feinde&#8230;<br \/> Hauptmann Aerwen ist tot, ebenso die letzten meiner Freunde, die meine Flucht erm\u00f6glicht haben.<br \/> Nicht lange, und ich werde ihnen in den Tod folgen. Eine Sache, die es noch zu erledigen gilt.<br \/> Eine Sache, die wichtiger ist&#8230;<br \/> Die Stadt ist verloren&#8230; Es gibt keine M\u00f6glichkeit, die Feinde daraus zu vertreiben. Die, die \u00fcberlebt haben, d\u00fcrfen ihr Leben nicht sinnnlos vergeuden&#8230;<br \/> Die Zeit wird kommen, des Hexenk\u00f6nigs Schergen zu vertreiben. Morgen, n\u00e4chsten Monat, im n\u00e4chsten Jahr&#8230; Sie werden nicht dauerhaft triumphieren&#8230;<\/figcaption><\/figure>\n\n<figure id=\"attachment_247\" aria-describedby=\"caption-attachment-247\" style=\"width: 800px\" class=\"wp-caption alignleft\"><a href=\"https:\/\/www.falkenruhs-wacht.de\/wpr\/wp-content\/uploads\/2015\/02\/ScreenShot04709.jpg\" rel=\"lightbox[403]\"><img decoding=\"async\" class=\"wp-image-247\" src=\"https:\/\/www.falkenruhs-wacht.de\/wpr\/wp-content\/uploads\/2015\/02\/ScreenShot04709-1024x538.jpg\" alt=\"\u00dcberall Feinde... Die Feinde sind mir auf den Fersen. Keine Chance, sie abzusch\u00fctteln. Das Land ist verw\u00fcstet, es gibt kaum Deckung auf dem Weg hierher. Ich muss mich beeilen...\" width=\"800\" height=\"420\" srcset=\"https:\/\/www.falkenruhs-wacht.de\/wpr\/wp-content\/uploads\/2015\/02\/ScreenShot04709-1024x538.jpg 1024w, https:\/\/www.falkenruhs-wacht.de\/wpr\/wp-content\/uploads\/2015\/02\/ScreenShot04709-300x158.jpg 300w, https:\/\/www.falkenruhs-wacht.de\/wpr\/wp-content\/uploads\/2015\/02\/ScreenShot04709.jpg 1904w\" sizes=\"(max-width: 800px) 100vw, 800px\" \/><\/a><figcaption id=\"caption-attachment-247\" class=\"wp-caption-text\">\u00dcberall Feinde&#8230;<br \/> Die Feinde sind mir auf den Fersen. Keine Chance, sie abzusch\u00fctteln. Das Land ist verw\u00fcstet, es gibt kaum Deckung auf dem Weg hierher. Ich muss mich beeilen&#8230;<\/figcaption><\/figure>\n\n<figure id=\"attachment_242\" aria-describedby=\"caption-attachment-242\" style=\"width: 800px\" class=\"wp-caption alignleft\"><a href=\"https:\/\/www.falkenruhs-wacht.de\/wpr\/wp-content\/uploads\/2015\/02\/ScreenShot04717.jpg\" rel=\"lightbox[403]\"><img decoding=\"async\" class=\"wp-image-242\" src=\"https:\/\/www.falkenruhs-wacht.de\/wpr\/wp-content\/uploads\/2015\/02\/ScreenShot04717-1024x538.jpg\" alt=\"Der einzige Weg... Meine beste M\u00f6glichkeit ist der Weg, den sie nicht erwarten. Die Felsen hoch\u2026\" width=\"800\" height=\"420\" srcset=\"https:\/\/www.falkenruhs-wacht.de\/wpr\/wp-content\/uploads\/2015\/02\/ScreenShot04717-1024x538.jpg 1024w, https:\/\/www.falkenruhs-wacht.de\/wpr\/wp-content\/uploads\/2015\/02\/ScreenShot04717-300x158.jpg 300w, https:\/\/www.falkenruhs-wacht.de\/wpr\/wp-content\/uploads\/2015\/02\/ScreenShot04717.jpg 1904w\" sizes=\"(max-width: 800px) 100vw, 800px\" \/><\/a><figcaption id=\"caption-attachment-242\" class=\"wp-caption-text\">Der einzige Weg&#8230;<br \/> Meine beste M\u00f6glichkeit ist der Weg, den sie nicht erwarten. Die Felsen hoch\u2026<\/figcaption><\/figure>\n\n<figure id=\"attachment_268\" aria-describedby=\"caption-attachment-268\" style=\"width: 800px\" class=\"wp-caption alignleft\"><a href=\"https:\/\/www.falkenruhs-wacht.de\/wpr\/wp-content\/uploads\/2015\/02\/ScreenShot04731.jpg\" rel=\"lightbox[403]\"><img loading=\"lazy\" decoding=\"async\" class=\"wp-image-268\" src=\"https:\/\/www.falkenruhs-wacht.de\/wpr\/wp-content\/uploads\/2015\/02\/ScreenShot04731-1024x538.jpg\" alt=\"Komm zu mir, mein Freund... F\u00fcrchte nicht die Dunkelheit. Uns bleibt nicht viel Zeit...\" width=\"800\" height=\"420\" srcset=\"https:\/\/www.falkenruhs-wacht.de\/wpr\/wp-content\/uploads\/2015\/02\/ScreenShot04731-1024x538.jpg 1024w, https:\/\/www.falkenruhs-wacht.de\/wpr\/wp-content\/uploads\/2015\/02\/ScreenShot04731-300x158.jpg 300w, https:\/\/www.falkenruhs-wacht.de\/wpr\/wp-content\/uploads\/2015\/02\/ScreenShot04731.jpg 1904w\" sizes=\"(max-width: 800px) 100vw, 800px\" \/><\/a><figcaption id=\"caption-attachment-268\" class=\"wp-caption-text\">Komm zu mir, mein Freund&#8230;<br \/> F\u00fcrchte nicht die Dunkelheit. Uns bleibt nicht viel Zeit&#8230;<\/figcaption><\/figure>\n\n<figure id=\"attachment_269\" aria-describedby=\"caption-attachment-269\" style=\"width: 800px\" class=\"wp-caption alignleft\"><a href=\"https:\/\/www.falkenruhs-wacht.de\/wpr\/wp-content\/uploads\/2015\/02\/ScreenShot047281.jpg\" rel=\"lightbox[403]\"><img loading=\"lazy\" decoding=\"async\" class=\"wp-image-269\" src=\"https:\/\/www.falkenruhs-wacht.de\/wpr\/wp-content\/uploads\/2015\/02\/ScreenShot047281-1024x538.jpg\" alt=\"Sie haben mich entdeckt. Sie kommen rasch n\u00e4her. Nicht mehr lange...\" width=\"800\" height=\"420\" srcset=\"https:\/\/www.falkenruhs-wacht.de\/wpr\/wp-content\/uploads\/2015\/02\/ScreenShot047281-1024x538.jpg 1024w, https:\/\/www.falkenruhs-wacht.de\/wpr\/wp-content\/uploads\/2015\/02\/ScreenShot047281-300x158.jpg 300w, https:\/\/www.falkenruhs-wacht.de\/wpr\/wp-content\/uploads\/2015\/02\/ScreenShot047281.jpg 1904w\" sizes=\"(max-width: 800px) 100vw, 800px\" \/><\/a><figcaption id=\"caption-attachment-269\" class=\"wp-caption-text\">Sie haben mich entdeckt. Sie kommen rasch n\u00e4her. Nicht mehr lange&#8230;<\/figcaption><\/figure>\n\n<figure id=\"attachment_270\" aria-describedby=\"caption-attachment-270\" style=\"width: 800px\" class=\"wp-caption alignleft\"><a href=\"https:\/\/www.falkenruhs-wacht.de\/wpr\/wp-content\/uploads\/2015\/02\/ScreenShot04735.jpg\" rel=\"lightbox[403]\"><img loading=\"lazy\" decoding=\"async\" class=\"wp-image-270\" src=\"https:\/\/www.falkenruhs-wacht.de\/wpr\/wp-content\/uploads\/2015\/02\/ScreenShot04735-1024x538.jpg\" alt=\"Verdammter Bogensch\u00fctze... Wie gut, dass der Regen nicht nur den Falken behindert. Er darf ihn nicht treffen...\" width=\"800\" height=\"420\" srcset=\"https:\/\/www.falkenruhs-wacht.de\/wpr\/wp-content\/uploads\/2015\/02\/ScreenShot04735-1024x538.jpg 1024w, https:\/\/www.falkenruhs-wacht.de\/wpr\/wp-content\/uploads\/2015\/02\/ScreenShot04735-300x158.jpg 300w, https:\/\/www.falkenruhs-wacht.de\/wpr\/wp-content\/uploads\/2015\/02\/ScreenShot04735.jpg 1904w\" sizes=\"(max-width: 800px) 100vw, 800px\" \/><\/a><figcaption id=\"caption-attachment-270\" class=\"wp-caption-text\">Verdammter Bogensch\u00fctze&#8230; Wie gut, dass der Regen nicht nur den Falken behindert.<br \/> Er darf ihn nicht treffen&#8230;<\/figcaption><\/figure>\n\n<figure id=\"attachment_274\" aria-describedby=\"caption-attachment-274\" style=\"width: 800px\" class=\"wp-caption alignleft\"><a href=\"https:\/\/www.falkenruhs-wacht.de\/wpr\/wp-content\/uploads\/2015\/02\/ScreenShot04742.jpg\" rel=\"lightbox[403]\"><img loading=\"lazy\" decoding=\"async\" class=\"wp-image-274\" src=\"https:\/\/www.falkenruhs-wacht.de\/wpr\/wp-content\/uploads\/2015\/02\/ScreenShot04742-1024x538.jpg\" alt=\"So ist es gut, keine Angst... nur einen Augenblick... die Nachricht ist befestigt... Keinen Moment zu fr\u00fch... Sie haben mich gleich erreicht...\" width=\"800\" height=\"420\" srcset=\"https:\/\/www.falkenruhs-wacht.de\/wpr\/wp-content\/uploads\/2015\/02\/ScreenShot04742-1024x538.jpg 1024w, https:\/\/www.falkenruhs-wacht.de\/wpr\/wp-content\/uploads\/2015\/02\/ScreenShot04742-300x158.jpg 300w, https:\/\/www.falkenruhs-wacht.de\/wpr\/wp-content\/uploads\/2015\/02\/ScreenShot04742.jpg 1904w\" sizes=\"(max-width: 800px) 100vw, 800px\" \/><\/a><figcaption id=\"caption-attachment-274\" class=\"wp-caption-text\">So ist es gut, keine Angst&#8230; nur einen Augenblick&#8230; die Nachricht ist befestigt&#8230;<br \/> Keinen Moment zu fr\u00fch&#8230; Sie haben mich gleich erreicht&#8230;<\/figcaption><\/figure>\n\n<figure id=\"attachment_273\" aria-describedby=\"caption-attachment-273\" style=\"width: 800px\" class=\"wp-caption alignleft\"><a href=\"https:\/\/www.falkenruhs-wacht.de\/wpr\/wp-content\/uploads\/2015\/02\/ScreenShot04741.jpg\" rel=\"lightbox[403]\"><img loading=\"lazy\" decoding=\"async\" class=\"wp-image-273\" src=\"https:\/\/www.falkenruhs-wacht.de\/wpr\/wp-content\/uploads\/2015\/02\/ScreenShot04741-1024x538.jpg\" alt=\"Flieg, mein Freund. Flieg' in die Berge, heim nach Falkenruh zu meinem Sohn. Beeile dich... Und... leb' wohl...\" width=\"800\" height=\"420\" srcset=\"https:\/\/www.falkenruhs-wacht.de\/wpr\/wp-content\/uploads\/2015\/02\/ScreenShot04741-1024x538.jpg 1024w, https:\/\/www.falkenruhs-wacht.de\/wpr\/wp-content\/uploads\/2015\/02\/ScreenShot04741-300x158.jpg 300w, https:\/\/www.falkenruhs-wacht.de\/wpr\/wp-content\/uploads\/2015\/02\/ScreenShot04741.jpg 1904w\" sizes=\"(max-width: 800px) 100vw, 800px\" \/><\/a><figcaption id=\"caption-attachment-273\" class=\"wp-caption-text\">Flieg, mein Freund. Flieg&#8216; in die Berge, heim nach Falkenruh zu meinem Sohn. Beeile dich&#8230;<br \/> Und&#8230; leb&#8216; wohl&#8230;<\/figcaption><\/figure>\n\n\n\n\n","protected":false},"excerpt":{"rendered":"","protected":false},"author":13,"featured_media":0,"parent":3457,"menu_order":1,"comment_status":"closed","ping_status":"closed","template":"","meta":{"footnotes":""},"class_list":["post-403","page","type-page","status-publish","hentry"],"_links":{"self":[{"href":"https:\/\/www.falkenruhs-wacht.de\/wpr\/index.php?rest_route=\/wp\/v2\/pages\/403","targetHints":{"allow":["GET"]}}],"collection":[{"href":"https:\/\/www.falkenruhs-wacht.de\/wpr\/index.php?rest_route=\/wp\/v2\/pages"}],"about":[{"href":"https:\/\/www.falkenruhs-wacht.de\/wpr\/index.php?rest_route=\/wp\/v2\/types\/page"}],"author":[{"embeddable":true,"href":"https:\/\/www.falkenruhs-wacht.de\/wpr\/index.php?rest_route=\/wp\/v2\/users\/13"}],"replies":[{"embeddable":true,"href":"https:\/\/www.falkenruhs-wacht.de\/wpr\/index.php?rest_route=%2Fwp%2Fv2%2Fcomments&post=403"}],"version-history":[{"count":46,"href":"https:\/\/www.falkenruhs-wacht.de\/wpr\/index.php?rest_route=\/wp\/v2\/pages\/403\/revisions"}],"predecessor-version":[{"id":3464,"href":"https:\/\/www.falkenruhs-wacht.de\/wpr\/index.php?rest_route=\/wp\/v2\/pages\/403\/revisions\/3464"}],"up":[{"embeddable":true,"href":"https:\/\/www.falkenruhs-wacht.de\/wpr\/index.php?rest_route=\/wp\/v2\/pages\/3457"}],"wp:attachment":[{"href":"https:\/\/www.falkenruhs-wacht.de\/wpr\/index.php?rest_route=%2Fwp%2Fv2%2Fmedia&parent=403"}],"curies":[{"name":"wp","href":"https:\/\/api.w.org\/{rel}","templated":true}]}}