{"id":2837,"date":"2015-07-01T21:41:23","date_gmt":"2015-07-01T19:41:23","guid":{"rendered":"http:\/\/www.falkenruhs-wacht.de\/wpr\/?page_id=2837"},"modified":"2015-07-01T21:44:42","modified_gmt":"2015-07-01T19:44:42","slug":"entscheidungen","status":"publish","type":"page","link":"https:\/\/www.falkenruhs-wacht.de\/wpr\/?page_id=2837","title":{"rendered":"Entscheidungen&#8230;"},"content":{"rendered":"<p>*Aufgezeichnete Holonachricht*:<\/p>\n<p><span style=\"color: #008080;\"><em>&#8222;Lt&#8230;. wenn Sie diese Nachricht bekommen&#8230; dann&#8230;. hm&#8230; ist einiges&#8230; anders gelaufen als gedacht&#8230;. Ich&#8230; hatte nicht vor&#8230; die Vrook zu stehlen&#8230; nicht mehr&#8230;. nicht.. nach allem&#8230;&#8220;<\/em><\/span><\/p>\n<p>Neds Gestalt steht bei der Aufzeichnung in einem dunklen Raum, vielleicht seiner Kabine oder ein Lagerraum.<\/p>\n<p><em><span style=\"color: #008080;\">&#8222;Aber&#8230; das Schiff&#8230; das eigene Schiff liegt einem n\u00e4her&#8230; und&#8230; mit dem Gehalt als Tech&#8230; ist es unbezahlbar&#8230; ich habe es ehrlich versucht&#8230; also ich meine&#8230; auch MIT ehrlicher Arbeit&#8230;&#8220;<\/span><\/em> *seufzt*<\/p>\n<p><span style=\"color: #008080;\"><em>&#8222;&#8230; ich brauch wohl nicht zu sgaen, dass&#8230; etwas schief gegangen ist&#8230; einige Dinger aus meiner Vergangenheit&#8230;. hm, ach lassen wir das&#8230;&#8220;<\/em><\/span><\/p>\n<p>*hebt eine schwarze kleine Katze ins Holographische Abbild, die in Richtung Kamera haut mit der Pfote*<\/p>\n<p><span style=\"color: #008080;\"><em>&#8222;&#8230;Ich habe Saphran mitgenommen&#8230; ich&#8230; sie w\u00e4re sicher auch bei euch gl\u00fccklich geworden&#8230; aber&#8230; in der Zeit die kommt&#8230; brauche ich sie&#8230; sie ist mein Gewissen, wenn man so will&#8230;<\/em><\/span><br \/>\n<span style=\"color: #008080;\"><em>Ich habe&#8230; die Vrook soweit manipuliert, dass&#8230; sie leichter einzunehmen sein k\u00f6nnte&#8230; wenn sie es nicht bemerken&#8230; ich hoffe, ihr bekommt sie wieder&#8230; sie ist eine sch\u00f6ne Lady&#8230;<\/em><\/span><br \/>\n<span style=\"color: #008080;\"><em>Machts gut&#8230; Nehmt es mir nicht zu \u00fcbel, aber ich hoffe.. wir sehen uns sobald&#8230; \u00e4h&#8230; nicht wieder&#8230;.&#8220;<\/em><\/span><\/p>\n<p>*Ned dreht sich weg und&#8230; wendet sich dann noch mal um*<\/p>\n<p><em><span style=\"color: #008080;\">&#8222;\u00e4hm&#8230; und&#8230; falls wir uns doch&#8230; wiedersehen&#8230;. erschie\u00dft mich nicht gleich&#8230; ich&#8230; kann&#8230; versuche es&#8230; zu erkl\u00e4ren&#8230; wenn&#8230;&#8230; es sich ergibt&#8230;&#8220;<\/span><\/em><\/p>\n<p>*winkt und dreht sich endg\u00fcltig weg, das Abbild verblasst, die Aufzeichnung ist zu Ende*<\/p>\n<p>&#8212;<\/p>\n<p>Aiken spielte die Aufzeichnung ein weiteres Mal ab. Dieser&#8230;.<br \/>\nUnter ihren Augen sich des Schiffes zu bem\u00e4chtigen&#8230; nahm sie pers\u00f6nlich. Wenn sie doch nur mit Bord gewesen w\u00e4re&#8230; Wenn nicht dieser Beamte von Coruscant sie zu einem dringenden Termin wegen Tatooine zu sich zitiert h\u00e4tte&#8230;.<\/p>\n<p>&#8218;Es h\u00e4tte keinen Unterschied gemacht&#8216;, fl\u00fcsterte die unbequeme Stimme in ihren Gedanken, doch sie beschloss, sie erneut zu ignorieren.<br \/>\nSie h\u00e4tte es rechtzeitig bemerken m\u00fcssen. Aber Nervosit\u00e4t und Fahrigkeit waren bei Ned an der Tagesordnung gewesen.<br \/>\nWieviel davon gespielt gewesen war&#8230;. sie wusste es nicht. Vielleicht nichts, denn die Jedi standen wohl vor der gleichen Frage. Warum&#8230;?<\/p>\n<p>So wichtig es war, das Schiff zur\u00fcckzubekommen, bevor jemand damit einen nicht wieder gutzumachenden Schaden anrichten konnte&#8230; Aiken schaffte es nciht, ihre Gedanken darauf zu konzentrieren.<\/p>\n<p>Nach einer langen schlaflosen Nacht setzte sie sich des Morgens an ihr Datenpad und begann, ihre Bitte um Versetzung zu formulieren.<br \/>\nIhr missfiel es, in dieser Zeit das Korps zu verlassen, doch wusste sie, dass es ihr keine Ruhe lassen w\u00fcrde.<br \/>\nSie w\u00fcrde ihren Kontakt zum SID benutzen, um Neds Spur aufzunehmen. Bestimmt hatten die auch einige brennende Fragen an ihn&#8230;<\/p>\n","protected":false},"excerpt":{"rendered":"<p>*Aufgezeichnete Holonachricht*: &#8222;Lt&#8230;. wenn Sie diese Nachricht bekommen&#8230; dann&#8230;. hm&#8230; ist einiges&#8230; anders gelaufen als gedacht&#8230;. Ich&#8230; hatte nicht vor&#8230; die Vrook zu stehlen&#8230; nicht mehr&#8230;. nicht.. nach allem&#8230;&#8220; Neds Gestalt steht bei der Aufzeichnung in einem dunklen Raum, vielleicht seiner Kabine oder ein Lagerraum. &#8222;Aber&#8230; das Schiff&#8230; das eigene Schiff liegt einem n\u00e4her&#8230; und&#8230; &hellip; <a href=\"https:\/\/www.falkenruhs-wacht.de\/wpr\/?page_id=2837\" class=\"more-link\"><span class=\"screen-reader-text\">Entscheidungen&#8230;<\/span> weiterlesen <span class=\"meta-nav\">&rarr;<\/span><\/a><\/p>\n","protected":false},"author":13,"featured_media":0,"parent":2802,"menu_order":4,"comment_status":"closed","ping_status":"closed","template":"","meta":{"footnotes":""},"class_list":["post-2837","page","type-page","status-publish","hentry"],"_links":{"self":[{"href":"https:\/\/www.falkenruhs-wacht.de\/wpr\/index.php?rest_route=\/wp\/v2\/pages\/2837","targetHints":{"allow":["GET"]}}],"collection":[{"href":"https:\/\/www.falkenruhs-wacht.de\/wpr\/index.php?rest_route=\/wp\/v2\/pages"}],"about":[{"href":"https:\/\/www.falkenruhs-wacht.de\/wpr\/index.php?rest_route=\/wp\/v2\/types\/page"}],"author":[{"embeddable":true,"href":"https:\/\/www.falkenruhs-wacht.de\/wpr\/index.php?rest_route=\/wp\/v2\/users\/13"}],"replies":[{"embeddable":true,"href":"https:\/\/www.falkenruhs-wacht.de\/wpr\/index.php?rest_route=%2Fwp%2Fv2%2Fcomments&post=2837"}],"version-history":[{"count":1,"href":"https:\/\/www.falkenruhs-wacht.de\/wpr\/index.php?rest_route=\/wp\/v2\/pages\/2837\/revisions"}],"predecessor-version":[{"id":2838,"href":"https:\/\/www.falkenruhs-wacht.de\/wpr\/index.php?rest_route=\/wp\/v2\/pages\/2837\/revisions\/2838"}],"up":[{"embeddable":true,"href":"https:\/\/www.falkenruhs-wacht.de\/wpr\/index.php?rest_route=\/wp\/v2\/pages\/2802"}],"wp:attachment":[{"href":"https:\/\/www.falkenruhs-wacht.de\/wpr\/index.php?rest_route=%2Fwp%2Fv2%2Fmedia&parent=2837"}],"curies":[{"name":"wp","href":"https:\/\/api.w.org\/{rel}","templated":true}]}}